nits digit of y(2)?
7
Suppose 2*b - 1 = -17. Let q = b - -10. Suppose 4 = -q*y + 32. What is the units digit of y?
4
Let m(y) = 8*y - 11. Suppose 2*g = -p - p - 8, -3*p - 6 = g. Let n(b) = b - 1. Let d(v) = p*m(v) + 6*n(v). What is the tens digit of d(-9)?
2
Suppose 0 = -5*d - 25, -3*d + 165 = 2*x + 16. What is the units digit of x?
2
Let h be (-1875)/(-21) + (-2)/7. Suppose -4*u = h - 273. Suppose 2*q - 6 = -4*z, -3*q = -4*z + 7 - u. What is the units digit of q?
9
Let d = -53 - -125. What is the tens digit of d?
7
Let i = 161 - 20. What is the tens digit of i?
4
Suppose 24 = 4*b - 4*h, 0*h - 36 = -5*b - h. What is the units digit of b?
7
Suppose 34 = -z - z. What is the tens digit of -1 + 0 - z - 1?
1
Let k(u) = u. Let b = 34 + -11. Suppose 3 = -5*v + b. What is the units digit of k(v)?
4
Let s = 18 + 3. Let w = s + -4. What is the tens digit of w?
1
Let v(m) = m**2 - 6*m - 5. Suppose 7 = 5*j - 33. What is the tens digit of v(j)?
1
Suppose -10*o + 9*o + 2 = 0. Let m be 164/10 - 6/15. Suppose 3*k = o*q - 20, -q - 5*k = -0*k + m. What is the units digit of q?
4
Let g be (-2)/5 - (-141)/15. Let j(n) = n**2 - 6*n + 3. What is the tens digit of j(g)?
3
Let k(n) = n**3 - 5*n**2 - 10*n - 3. What is the tens digit of k(7)?
2
Suppose -2*g + 0*g + 10 = 0. What is the units digit of g?
5
Suppose -7*a = -8*a + 33. What is the units digit of a?
3
Let r(v) = -2*v**2 + v. Let a be r(-3). Let g = a - -41. Suppose -2*m = 4*d - 28, -16 = -5*d - 3*m + g. What is the units digit of d?
6
Let j(z) = -2*z + 4 + 6 + 2*z**2 - 5 + 5*z**3. Let w(t) = -6*t**3 - t**2 + t - 4. Let x(u) = 5*j(u) + 4*w(u). What is the units digit of x(-7)?
2
Suppose 0 = 3*f - 4*f + 3. Suppose f*r - 32 = 2*r. Suppose 4*d - r = 16. What is the tens digit of d?
1
Let y = -71 - -123. What is the tens digit of y?
5
Let d = -7 - -5. What is the units digit of ((-84)/9)/(d/3)?
4
Let i(l) = -l - 1. Suppose -3*w = 4*t - w, -2*t + 6 = -2*w. Let k(d) = d**2. Let c(m) = t*k(m) - i(m). What is the units digit of c(-2)?
3
Let y(g) = 3*g - 1. Suppose r + 54 = 7*r. What is the tens digit of y(r)?
2
Let h be 2/(-8) + (-21)/(-4). Suppose 6 = h*o - 9. What is the units digit of o?
3
Let k(r) = r**2 + 9*r + 8. Let u be k(-7). Let n be 4/6 + (-8)/u. Suppose -2*b = n*b - 32. What is the units digit of b?
8
Suppose -5*j - 2*i + 3 = 0, -i - 5 = -5*j + 1. Let n be (1 + -1)/(j - 2). Suppose n*y = -4*y + 24. What is the units digit of y?
6
Suppose -j = -x - 14 - 0, -5*j = x - 76. Suppose -s = -6*s + j. What is the units digit of s?
3
Let g(j) = -j**3 + 10*j**2 - 11*j - 5. What is the units digit of g(7)?
5
Suppose -1033 = -23*z + 6810. What is the units digit of z?
1
Let d be 2 + -1*(0 + -1). Suppose 0 = d*p - 23 - 4. What is the units digit of p?
9
Let m = 9 - 3. Let g(t) be the first derivative of t**3/3 - 3*t**2 + 3*t + 7. What is the units digit of g(m)?
3
Suppose -5*j + 10 = -q - 18, 4*q = 4*j - 48. Suppose -r - 2*r = -45. What is the units digit of (-4)/q - r/(-2)?
8
Suppose -o - 60 = -162. What is the units digit of o?
2
Suppose 3*c - 5 = 10. Let s(w) = w**3 - 5*w**2 + 2*w - 7. Let j be s(c). Suppose 4*y - 7 + j = 0. What is the units digit of y?
1
Suppose 2*r + 3 = 17. Suppose -3*q + r*q = 28. What is the units digit of q?
7
Let l(h) = -h + 9. Let p be l(3). Let v be 2/(2 + 0) - -2. Suppose -v*j = -j - p. What is the units digit of j?
3
Let r(i) = -40*i**3 + i**2 - i - 4. Let t(q) = -39*q**3 + q**2 - q - 3. Let f(x) = 3*r(x) - 4*t(x). What is the units digit of f(1)?
6
Let u(c) = -c**2 + 11*c + 14. Let y be u(12). Suppose a + 2*w = 3*w + 11, 4*w + y = a. What is the units digit of a?
4
Suppose 5*p - 210 = -2*u, 2*u - 2*p - 210 = -0*u. What is the tens digit of u?
0
Let k = -11 - -7. Let o = k - -4. Let h = o - -2. What is the units digit of h?
2
Let g(t) = t**2 - 5*t + 4. Let i(x) = -x - 1. Let k(y) = g(y) + 4*i(y). Let c be k(9). Suppose c = -0*l - l + 6. What is the units digit of l?
6
Let r be ((-18)/(-15))/((-6)/15). Let z(g) = -3*g - 4. Let s be z(r). Suppose 2*u + 0*u - s*f - 10 = 0, f + 15 = 3*u. What is the units digit of u?
5
Let c be (6 + 1)*(-6)/(-7). Suppose -2*u + 4 = 2*u. Suppose v - u = c. What is the units digit of v?
7
Suppose -4*q + 10 = b, 4*b - q - 78 = 2*q. What is the units digit of b?
8
Let d be 69/21 + 2/(-7). Let y be 3/(d/(-2)) - -2. Let s = 3 + y. What is the units digit of s?
3
Suppose -4*g + 16 = 0, 35 = -3*d + 3*g + 2*g. What is the tens digit of (-138)/d - 6/(-15)?
2
Suppose b - 114 = -4*v, 9 = -3*v - 6. What is the tens digit of b?
3
Let p(z) = 11*z**2 - 2*z + 16. What is the hundreds digit of p(-5)?
3
Suppose j - 3*y - 11 = 0, -3*y + 120 - 46 = 4*j. What is the units digit of j?
7
Let m = 7 - 5. Let w = -19 - -22. Suppose -w = -m*o - 0*b - b, -3*b + 3 = 0. What is the units digit of o?
1
Let b be (-15)/(-4) + 1/4. Suppose -5*j + 6 = -b. What is the units digit of -2*j/8*-4?
2
Let l be (-1)/(-1 - (-2)/3). Suppose k - 60 = -2*k - 3*y, -3*k + l*y = -30. What is the tens digit of k?
1
What is the units digit of (-3)/(-1) - (-6 - 253)?
2
Let q(l) = -l**2 - 12*l - 11. Let n = 3 - 2. Let x = -9 - n. What is the units digit of q(x)?
9
Suppose 4*d + 2*w + w - 32 = 0, -2*w + 36 = 4*d. What is the tens digit of d?
1
Suppose -7*n = -2*n - 3*i + 28, 4*i = 3*n + 19. Suppose -4*c = 2*u - 36, 3 = 4*c - 3*u - 13. Let m = c + n. What is the units digit of m?
2
Let d(l) = -2*l - 3. Let v be d(-3). Let o be (0 + 1)*1*40. Suppose -4*a + o = -4*i, -2*a - v*i - 2*i - 15 = 0. What is the units digit of a?
5
Suppose -4*j + 24 = 4*u, 2*j - 2*u = j. Suppose -j*c + 0 = -4. What is the units digit of 5/(c + 2/(-4))?
0
Let u be (-3 + 3)/(2/1). Suppose 0 = 3*j + 2*j + 5*l - 35, u = 4*j - l - 48. Suppose 4*t - 5*c = j, 2*t + 2*c = -0*c + 10. What is the units digit of t?
4
Let v = 5 - 1. Suppose 0 = v*p - 5*p. Suppose p*r - 3 = -3*r. What is the units digit of r?
1
Suppose -33 = -3*x + y + 6, -y = 3. Suppose x = i - 24. Suppose -p + i = p. What is the units digit of p?
8
Suppose -5*i + 15 = -3*d, 5*i = -d - 2*d - 15. Let a = 7 + d. Suppose 2*u + 4*w - 22 = 0, -4*w = 5*u - a*w - 39. What is the units digit of u?
7
Suppose -7 - 5 = -3*h. Suppose 12 = p + h*z, -3*z + 58 - 15 = 5*p. Let y = p + -1. What is the units digit of y?
7
Let j(s) = 6*s - 1. Let a be j(1). What is the units digit of (-21)/(-15) + (-2)/a?
1
Let d be 48 - (3 + -2 + 2). Suppose 3*f = 2*q - d, 4*q + 0*f - 3*f - 81 = 0. What is the units digit of q?
8
Suppose 0 = -4*f + 5*s + 36, -3*f = -0*f + 2*s - 4. Let a = f + 1. Suppose 0 = a*q - q - 24. What is the units digit of q?
6
Suppose -2*y + 170 - 2 = 0. What is the units digit of y?
4
Let f(a) = 3*a**3 - 1. Let z be f(1). Suppose 4*r = 2*j + 130, -z*r = -r - 4. What is the units digit of 4/(-10) + j/(-5)?
1
Suppose 3*i = 0, -4*w = -12*i + 9*i - 1308. What is the hundreds digit of w?
3
Let b be (12/14)/((-1)/(-7)). Suppose -2*x + 5*t = b - 32, 3*t = 0. What is the units digit of x?
3
Suppose -2*f - 2*z - 2 = 0, 4*f - 5*z + 30 = -1. What is the tens digit of (2/f)/(3/(-60))?
1
Let k(i) = i - 9. Let j be 0*-2*1/(-2). Suppose 4*c + 0*c - 44 = j. What is the units digit of k(c)?
2
Let t = -5 - -10. Suppose -66 = -t*u - 21. What is the tens digit of 24/u*(-9)/(-2)?
1
Let h = -47 + 58. What is the units digit of h?
1
Suppose 287 = 3*x - 505. What is the hundreds digit of x?
2
Let y(s) = -s. Let v(b) = 2*b + 18. Suppose 2*i = -0*i - 2*l - 8, 0 = 4*l + 12. Let t(j) = i*v(j) - 4*y(j). What is the units digit of t(12)?
6
Let r be ((-10)/(-4))/(9/(-18)). Let f(b) = b**2 + 2*b - 1. What is the tens digit of f(r)?
1
Suppose -2*f + 60 = -0*f. What is the units digit of 110/f + 2/6?
4
Let v = 3 - 0. Suppose -v*q = -q - 2. Let y(a) = 11*a**3 - a. What is the tens digit of y(q)?
1
Let s be (-2 + 1)/1*-4. Let j(m) = 4*m + 2. Let i be j(s). Let f = i + -12. What is the units digit of f?
6
Suppose l + 2*l - 15 = 0. Suppose -14 = -q - p - p, -88 = -l*q - p. What is the tens digit of q?
1
Let m(f) be the second derivative of f**4/24 + 7*f**3/6 + f**2/2 - 2*f. Let r(l) be the first derivative of m(l). What is the units digit of r(-6)?
1
Let i = -38 + 97. What is the units digit of i?
9
Let d be 4*1 + 4 + -4. Let n = 24 - 9. Suppose -b = -d*b + n. What is the units digit of b?
5
Let x(z) = -z**3 + 4. Let o be x(0